{"id":513,"date":"2013-09-25T08:42:13","date_gmt":"2013-09-25T08:42:13","guid":{"rendered":"http:\/\/www.eniac.cz\/?page_id=513"},"modified":"2014-07-03T15:42:57","modified_gmt":"2014-07-03T15:42:57","slug":"vari-cele-cesko","status":"publish","type":"page","link":"https:\/\/eniac.red\/cs\/reference\/vari-cele-cesko\/","title":{"rendered":"Va\u0159\u00ed cel\u00e9 \u010desko"},"content":{"rendered":"<p><strong>re\u017eie:<\/strong> Filip Racek<br \/>\n<strong>kamera:<\/strong> Pavel Berkovi\u010d<br \/>\n<strong>klient:<\/strong> FTV Prima<\/p>\n","protected":false},"excerpt":{"rendered":"<p>re\u017eie: Filip Racek kamera: Pavel Berkovi\u010d klient: FTV Prima<\/p>\n","protected":false},"author":3,"featured_media":0,"parent":4,"menu_order":0,"comment_status":"open","ping_status":"open","template":"sablona-reference.php","meta":[],"acf":[],"aioseo_notices":[],"_links":{"self":[{"href":"https:\/\/eniac.red\/cs\/wp-json\/wp\/v2\/pages\/513"}],"collection":[{"href":"https:\/\/eniac.red\/cs\/wp-json\/wp\/v2\/pages"}],"about":[{"href":"https:\/\/eniac.red\/cs\/wp-json\/wp\/v2\/types\/page"}],"author":[{"embeddable":true,"href":"https:\/\/eniac.red\/cs\/wp-json\/wp\/v2\/users\/3"}],"replies":[{"embeddable":true,"href":"https:\/\/eniac.red\/cs\/wp-json\/wp\/v2\/comments?post=513"}],"version-history":[{"count":2,"href":"https:\/\/eniac.red\/cs\/wp-json\/wp\/v2\/pages\/513\/revisions"}],"predecessor-version":[{"id":628,"href":"https:\/\/eniac.red\/cs\/wp-json\/wp\/v2\/pages\/513\/revisions\/628"}],"up":[{"embeddable":true,"href":"https:\/\/eniac.red\/cs\/wp-json\/wp\/v2\/pages\/4"}],"wp:attachment":[{"href":"https:\/\/eniac.red\/cs\/wp-json\/wp\/v2\/media?parent=513"}],"curies":[{"name":"wp","href":"https:\/\/api.w.org\/{rel}","templated":true}]}}

Vaří celé česko

<p><strong>režie:</strong> Filip Racek<br />
<strong>kamera:</strong> Pavel Berkovič<br />
<strong>klient:</strong> FTV Prima</p>

<p>režie: Filip Racek kamera: Pavel Berkovič klient: FTV Prima</p>
